 is the value of 6 - (-26 + 34 + (1 - -2 - 15))?
10
Evaluate 0 + 21 - (49 + (-34 - 7)).
13
Evaluate 19 + -5 - ((22 - 24) + 34).
-18
What is the value of 11 + -1 - (17 - -4)?
-11
What is the value of (5 - 2 - (7 - -2)) + (132 - 149)?
-23
Evaluate -18 - -17 - (4 - (41 + -3)).
33
What is -7 + 7 + (-9 - -3) + 14 + 6?
14
Calculate (1 - 20) + (42 - 58).
-35
Calculate (-19 + 13 - 2) + 16.
8
(2 - (-27 + 4 + 7)) + -13
5
Evaluate (83 - 80 - (-1 + 15)) + 1 - -25.
15
Evaluate -5 - 1 - (-13 - -11 - (-39 - -46)).
3
Calculate 12 - (9 + -3) - (-19 + 23).
2
Calculate (0 - 21) + (81 - 77).
-17
-11 + 2 - (10 + (-1 - (12 - 7)))
-13
Evaluate 6 + (8 - (-11 + 5)).
20
What is -1 - 2 - (13 - (-11 + 15))?
-12
What is the value of 12 + (6 + 31 - 16) + (-6 - 1)?
26
-11 - ((-13 - 0 - 0) + -3 + 9)
-4
(-3 - (-8 - -4)) + -16 + 18
3
What is the value of 29 + (6 + 7 - 25) - -18?
35
(1 - 2) + 97 + -90 - (1 - -2)
3
Calculate -5 - (2 - 0) - (-9 - (-18 + 6)).
-10
-9 + 24 - (-1 + 4 + 10)
2
26 - 1 - (60 - (41 - -16))
22
What is the value of (-41 - (-14 - 26)) + 0 + 29 + 3?
31
Evaluate 12 + -1 + -23 + -9 + 18.
-3
What is -2 + (-31 + 12 - -12)?
-9
Calculate 21 - ((-2 - -10) + (3 - 3)).
13
What is 7 - 1 - 9 - (-11 + 6)?
2
Calculate 30 + -37 + (8 - 10).
-9
What is -5 - (8 + -9 + -17)?
13
What is -12 - (13 + -11 + -27) - 43?
-30
Evaluate (1 - (10 - (2 + 10))) + 8.
11
Evaluate -25 - (24 + -20) - -17.
-12
Calculate 1 - -4 - -1 - (-53 + -51 + 82).
28
-7 + (-38 - -65) + -11 + 0
9
Evaluate (2 + -20 - -6) + 3 + 33.
24
-32 + 12 + 6 + -6 - 8
-28
Evaluate -12 - (-7 + (-10 - -11)).
-6
Calculate 4 + -1 + 6 + -9 - (12 - 15).
3
Calculate 7 + -23 + (-19 - -29).
-6
What is the value of 0 - 5 - (148 + -147) - (-1 - 6)?
1
What is (0 - 5) + (4 + 3 + -6 - -10)?
6
-18 + -2 - (-59 - -69)
-30
Evaluate -2 + (-5 - -3) - -16 - (13 - 12).
11
What is -13 + (-6 - 0) + 30 + -19?
-8
Evaluate -5 - 3 - (-19 - -5).
6
What is 3 + -4 + (-13 - (0 + -6) - -10)?
2
(58 + -64 - (-1 - 0 - 0)) + 0
-5
What is 2 + -1 + (11 - 10) + 17?
19
What is 0 - ((3 + -7 - -8) + -8) - 0?
4
Evaluate (0 - -2) + -8 + 8 + 3 - -4.
9
(6 - (-7 + 19)) + 13
7
Evaluate 2 - 13 - (23 - 31).
-3
Evaluate -13 + 7 - (-32 - -9).
17
Evaluate (-14 - -30 - 28) + 50.
38
1 - (-2 + (-10 - 1) + 21 + -15)
8
Calculate 154 + -124 - (1 - (0 + -3)).
26
Calculate 9 + (-39 - -25) + 6.
1
9 + 53 - 48 - (-5 - 0)
19
(-1 + -15 - (-36 + 31)) + 43
32
-3 - (5 + (-29 - 3))
24
-183 - -181 - (1 - 14)
11
Calculate 0 - 1 - (10 + (-11 - (-5 - 1))).
-6
What is 197 + -161 - (47 + -2)?
-9
What is -55 + 30 + -5 + 45?
15
What is the value of (-13 - -8 - (-2 + 5)) + 20?
12
Calculate (-63 + 33 - -62) + (1 - 0).
33
What is the value of (-23 - 3) + 0 + -221 + 233?
-14
What is the value of -9 - (-8 - -18 - (25 - 5))?
1
What is the value of -2005 + 1998 + -1 + -12?
-20
(58 - 70) + (5 - (2 + 1))
-10
(-1 - -11) + -11 + 7 + (-9 - -7)
4
-2 + -6 - (-31 + (23 - 20))
20
Calculate -190 - -165 - (-44 - -7).
12
What is the value of 0 - (10 + -20) - 2?
8
What is the value of -8 + (0 - 2) + 4 + -18?
-24
Evaluate 14 - 18 - (-4 + 10 + -23).
13
(0 - -1) + -9 + 95 + -83
4
What is 9 - ((-4 - -12) + -4) - (20 + -14)?
-1
Calculate -3 - 1 - (-2 - 10) - 1.
7
21 + 2 - 23 - (11 - 1)
-10
Evaluate -1 - (0 - 1 - (-8 + 6 + -2)).
-4
0 + (-39 - ((7 - 9) + 6 + -12))
-31
Evaluate 7 + (-3 - 12 - -9) + 0 + -7.
-6
Calculate -4 - (-7 - 6 - 21 - -16).
14
Evaluate 9 - (6 + (1 - -2 - -1)).
-1
-13 - ((25 - 11) + -44)
17
What is the value of -1 + 0 + 12 - (-5 - (-21 + 21))?
16
What is the value of 12 - (35 - (16 + -13))?
-20
Calculate -27 + 40 + -19 - ((-1 - 13) + 0).
8
Evaluate 1 - (-7 - (-36 - -18)).
-10
(16 - (5 + -1)) + 24 + -18
18
What is 9 - 0 - (-9 + 7 + -11 + 21)?
1
What is the value of 2 + 6 - (16 + -58 + 54)?
-4
Evaluate -1 - (5 + -7 + -2) - (-81 - -88).
-4
What is (-9 - (-6 + 19 + 5 + -10)) + 5?
-12
Evaluate (42 - 66) + -20 + 15.
-29
-3 + 2 + -12 + 10 + -4 - -4
-3
1 + -3 - 14 - (52 + -53) - -10
-5
Evaluate (-4 - 2) + (2 - ((-2 - 2) + 2)).
-2
Calculate -17 + 18 + -5 + 9 + -4.
1
Evaluate (2 - -6) + (-530 - -519) + (1 - -13).
11
Calculate 4 + 11 + -13 + 2.
4
What is the value of 19 + -29 + 8 - (-17 + 0)?
15
What is 9 + (-5 - (11 + -7 + 2))?
-2
What is -1 + 6 + -23 + 13?
-5
Calculate (1 - -2) + (7 - (-25 - -37)).
-2
Evaluate (29 - (65 - 28)) + 21.
13
Calculate -9 - (0 + 7 + -116 + 120).
-20
27 - (7 + (-5 - 5) - -20)
10
Evaluate (30 + 0 - (17 + -9 + 2)) + 8.
28
Calculate 0 - ((1 - 10) + (-24 - -63) + -15).
-15
What is -163 + 169 - (-2 + 1 - 1)?
8
What is the value of (1 - -4) + -3 + -15 + (8 - -2)?
-3
Calculate 2 + (5 - -4) + (37 + -23 - -13).
38
(-20 - 4 - -12) + 34
22
Calculate 7 + -16 - (-5 - 1) - (4 + -16).
9
-10 - (-12 + (10 - -21 - 13))
-16
What is 15 - 33 - (0 + (21 - 11))?
-28
Calculate -3 - ((7 - -6) + -24 + -10).
18
What is the value of (-2 + (7 - (-10 - -12)) - -6) + 8?
17
Calculate (3 - 3 - 0) + -75 + 81.
6
What is -17 - (-7 - 17 - 6)?
13
27 + -28 + (3 - (4 - -5)) - -2
-5
Calculate (-16 - -10 - -6) + (9 - -4).
13
(-1 - -5 - (-50 + 46)) + 5
13
What is 18 + -1 + 4 + -7?
14
23 + -42 + 18 + (1 - 2) + -10
-12
(6 - (6 - -5)) + 2 + (4 - 0)
1
Evaluate (11 - (-1 + 10)) + (-7 - -12) + 18.
25
Calculate 25 + -2 - 2 - (19 - 27 - -13).
16
Evaluate (-8 - 5) + 16 + 6 + 6.
15
What is the value of (-24 - (-25 - -29)) + 24?
-4
What is 22 - (18 + 2 + -17)?
19
What is the value of 6 + -35 + 23 - (2 + -1 - 0)?
-7
What is the value of 5 + (-5 - 1) + 52 + -48?
3
What is -10 + (5 - (-1 - -12)) + 2?
-14
Evaluate 5 + -4 + 4 + 21 + -22 + 2.
6
Calculate 18 + -6 + (-7 + 5 - 2) + -5.
3
Evaluate -3 + (6 - (-8 + (-3 - (8 + -19)))).
3
What is (2 + -12 - -14) + 7?
11
What is (-5 + 9 - -1 - (-6 + 16)) + 4?
-1
What is 11 - (-1 + 7 + 2)?
3
(0 - (-4 + 32)) + (-17 - -15 - -10)
-20
Evaluate 1 - (5 - -1) - 2 - (1 - 4).
-4
Evaluate (9 - (-2 - -7)) + 18 - (213 + -214).
23
What is the value of 8 + -8 + -5 + 2 - -3?
0
-561 - -563 - (3 - (-8 + -3))
-12
4 + (0 - 8) + 3 - -10
9
Calculate -50 - -49 - (-23 + -5 + (2 - -1)).
24
Calculate 31 + -38 + 19 + (2 - 1).
13
Calculate 6 + -1 + (2 + (2 - -3) - 1).
11
Calculate 16 + -21 + (-3 - -6) - (-3 + -8).
9
What is the value of -15 - (-11 + -11 - -13 - (-1 + -3))?
-10
(2 - (-14 - -7 - 1)) + (1 - -4)
15
What is -2 + 3 + -62 + 45?
-16
(-1 - (-6 + 7)) + (2 - 16)
-16
Calculate 5 - (-15 + 27 - (10 - 0)).
3
What is (-1 + 2 - -3) + 116 + -100?
20
Calculate 55 + -72 + (-9 - -20).
-6
What is 7 + -6 + 13 + -23 + 7 - -21?
19
What is 37 + 1 + (-2 + -5 + 3 - 2)?
32
5 - (-13 + 3 + 1 + 3 + 0)
11
36 + 29 + -14 + -33
18
Calculate (2 + 6 - -3 - 14) + -13 + 5.
-11
Evaluate 29 + (-58 - -12) + 3.
-14
Calculate 21 + (-1 - (-10 - -3)) - 11.
16
-16 + 39 - (10 + 2) - 0
11
What is -1 + -6 + 15 - (22 - 8)?
-6
What is the value of (-21 - (-10 - -2)) + (2 - 0)?
-11
Evaluate 6 + (-4 - -19 - (27 - 14)).
8
What is the value of (16 - 25) + (0 - 3) + 12 + -3?
-3
Evaluate 8 + -17 + (39 - 18) + -5.
7
Calculate (-5 - 1) + (-50 - -67) + 8 + 0.
19
(-11 - (-10 + 17 - 15)) + 1
-2
-1 + 28 - (-11 - -39)
-1
Evaluate 76 + -84 + 1 + 17.
10
Evaluate 30 + (-25 - -8) - 24.
-11
Calculate 20 + -7 + -23 + 14.
4
Evaluate (52 - 31 - -4) + -19.
6
Evaluate -12 + (15 + 14 - 4).
13
Evaluate (-7 - (-15 + 4) - 7) + 0 + 4.
1
What is the value of 9 - (0 + 21 + -11 + -18 - 2)?
19
Evaluate -2 - (-1 + -7 - (-30 + -12 + 34)).
-2
Calculate (0 + 3 + -12 + 9 - 11) + -1.
-12
Calculate -14 - ((5 - (4 - (6 - 7))) + 2).
-16
Evaluate (24 - -1) + (-659 - -635).
1
Evaluate 1 - (-24 + 5 + 18).
2
Calculate 5 - (4 + 3 + (3 - 5 - 7)).
7
What is the value of -4 - (4 - (-5 + 21))?
8
3 + -16 - (7 + (1 + -16 - -19))
-24
-18 - -6 - (-5 - 0) - (-7 - 14)
14
What is the value of (1 - -5) + (-47 - -50)?
9
Evaluate (4 - -37) + -2 - (-207 - -204).
42
What is the value of -5 - (-36 + (4 - 2) + 10)?
19
Calculate 0 + -3 + 0 + 88 + -92 - 7.
-14
What is 1 + -4 - (14 + (-6 - 15)) - -9?
13
Evaluate -7 + (0 - 5 - (46 + -56)).
-2
1 - -13 - (21 - (-23 - -33))
3
-7 + 2 - (14 - (10 + -7 + 2))
-14
What is (-2 - -10) + (38 - (49 + -16))?
13
-4 + (-13 + 4 - 9 - -6)
-16
What is -130 + 129 + (5 + -1 - 0)?
3
7 + (4 - 9) + (-11 - -16)
7
What is (-12 - 11) + 27 - 4?
0
Calculate 6 + 5 - 10 - (-13 + -1 - 2).
17
What is -2 + (1 - (1 + -9)) + 108 + -117?
-2
What is 1 + -4 - (113 + -119) - 11?
-8
What is the value of -41 + 56 + 3 + (8 